
-2
Let s(g) = 2*g + 69. Calculate s(-29).
11
Let g(b) = 109*b**2 + 10*b + 24. What is g(-3)?
975
Let v(p) = -129*p - 1376. Calculate v(-10).
-86
Let x(m) = 2*m**3 - 19*m**2 + 7*m + 87. Give x(12).
891
Let u(j) = -j**3 - 19*j**2 - 95*j - 310. What is u(-13)?
-89
Let f(v) = 810*v - 68048. Give f(84).
-8
Let g(h) = -44*h - 73. What is g(-7)?
235
Let f(a) = -29*a + 2644. Give f(93).
-53
Let k(g) = -2*g**2 - 28*g + 251. Calculate k(9).
-163
Let o(y) = -429*y**2 - 437*y - 3. Calculate o(-1).
5
Let m(w) = 38*w + 1658. Give m(-45).
-52
Let a(b) = -b**3 + 365*b**2 - 1135*b + 17734. Determine a(362).
-4
Let j(l) = -l**3 - 51*l**2 + 107*l + 53. What is j(-53)?
0
Let s(r) = -29*r - 1330. Determine s(-57).
323
Let t(w) = -w**3 + 155*w**2 + 342*w - 4391. Calculate t(157).
5
Let j(y) = -y**3 + 12*y**2 + 108*y - 253. Determine j(17).
138
Let z(d) = d**3 + 15*d**2 + 20*d - 4. Give z(-15).
-304
Let v(a) = -a**2 - 39*a - 356. Give v(-14).
-6
Let w(h) = -h**3 - 33*h**2 + 61*h - 290. What is w(-35)?
25
Let a(l) = -39*l - 1328. Calculate a(-35).
37
Let g(y) = -6*y - 4. Calculate g(-17).
98
Let n(z) = z**2 + 498*z + 6303. What is n(-13)?
-2
Let v(k) = 10*k**2 + 135*k + 21. Calculate v(-13).
-44
Let z(g) = g**3 - 23*g**2 + 36*g - 1429. Calculate z(24).
11
Let y(w) = 10*w**3 - 109*w**2 - 323*w + 3. Calculate y(-3).
-279
Let m(s) = 280*s + 2169. Determine m(-8).
-71
Let d(p) = 206*p + 1408. Calculate d(-7).
-34
Let w(u) = -u**2 - 18*u + 1205. Determine w(-45).
-10
Let s(j) = -2*j**2 - 7*j + 801. Determine s(-22).
-13
Let r(s) = -209*s**3 - s**2 - 4*s - 4. What is r(-1)?
208
Let m(n) = n**3 + 13*n**2 - 230*n + 29. What is m(-23)?
29
Let y(d) = -23*d + 588. Give y(26).
-10
Let f(v) = -631*v - 12005. Determine f(-19).
-16
Let h(q) = -q**3 - 24*q**2 - 3*q + 23. Give h(-24).
95
Let c(m) = m**3 - 7*m**2 + 41*m - 120. Calculate c(5).
35
Let q(i) = -15*i + 163. Give q(11).
-2
Let n(x) = -x**2 + 5405*x - 21601. Calculate n(4).
3
Let v(o) = -2*o**2 + 67*o - 555. Calculate v(20).
-15
Let y(g) = -g**3 + 22*g**2 + 91*g - 35. Calculate y(24).
997
Let y(h) = -3*h - 47. Calculate y(-4).
-35
Let q(k) = -k**2 + 30*k - 168. Determine q(20).
32
Let n(u) = -u**3 - 3*u**2 + 5*u - 108. Calculate n(0).
-108
Let r(p) = -p**3 - 7*p**2 + 41*p + 82. What is r(5)?
-13
Let d(a) = 4*a**3 + 27*a**2 - 51*a - 298. Give d(-7).
10
Let o(v) = -2*v**2 - 26*v + 90. What is o(-14)?
62
Let u(r) = -2*r**3 - 396*r**2 - 10*r - 1978. Calculate u(-198).
2
Let j(h) = h**2 + 254*h + 2900. What is j(-12)?
-4
Let r(m) = m**2 + 21*m - 935. Determine r(-43).
11
Let k(m) = 2*m**2 + 2*m - 67. What is k(-9)?
77
Let v(w) = w**3 + 42*w**2 + 43*w + 8. Give v(-41).
-74
Let a(r) = -r**2 + 234*r - 3491. What is a(16)?
-3
Let j(q) = 2*q**3 + q**2 + 7*q - 6. Give j(3).
78
Let t(n) = 7*n**2 - 51*n - 195. What is t(9)?
-87
Let g(w) = -w**3 - 8*w**2 - 10*w - 26. Determine g(-6).
-38
Let l(v) = -646*v + 28423. Calculate l(44).
-1
Let l(m) = -2*m - 43. What is l(-11)?
-21
Let v(t) = -2*t**2 - 7*t + 68. What is v(4)?
8
Let l(f) = -f**2 - 2*f + 178. Calculate l(-14).
10
Let x(q) = 6*q**2 - 212*q + 72. Give x(35).
2
Let j(n) = -3*n**3 - 34*n**2 + 164*n - 1. Give j(5).
-406
Let x(z) = -z**2 + 51*z - 96. What is x(49)?
2
Let w(l) = -38*l + 280. Give w(7).
14
Let u(h) = -2*h**2 - 148*h + 412. What is u(-77)?
-50
Let z(v) = 2979*v - 5732. Determine z(2).
226
Let k(q) = -2*q**3 - 76*q**2 - 213*q - 118. Determine k(-35).
-13
Let a(j) = -24*j**2 + 27*j - 18. What is a(1)?
-15
Let n(z) = 8*z**3 - 3*z**2 - 77*z - 218. What is n(-3)?
-230
Let h(q) = 10*q + 660. Give h(-40).
260
Let x(r) = -r**2 + 56*r - 204. Determine x(49).
139
Let c(t) = 160*t**3 - t**2 + 38*t + 39. Give c(-1).
-160
Let n(o) = 3181*o - 12762. What is n(4)?
-38
Let j(w) = -2*w**2 + 42*w - 960. Determine j(15).
-780
Let t(s) = -s**2 - 327*s - 19421. Give t(-78).
1
Let m(v) = -v**3 - 75*v**2 - 342*v + 573. Give m(-70).
13
Let i(b) = -b**3 - 10*b**2 + 89*b + 61. Give i(5).
131
Let t(w) = 3*w**3 + 31*w**2 + 105*w + 622. Calculate t(-9).
1
Let s(u) = -u**3 + 20*u**2 + 32*u - 9. Determine s(21).
222
Let h(s) = -2*s**2 - 19*s - 69. Determine h(-9).
-60
Let f(c) = -31*c**3 + 4*c**2 - 27*c + 44. Calculate f(2).
-242
Let f(d) = d**3 - d**2 - 14*d + 26. Determine f(2).
2
Let c(g) = g**3 - 132*g**2 - 1573*g + 11. What is c(143)?
11
Let c(s) = -29*s + 547. What is c(19)?
-4
Let r(b) = 21*b + 60. What is r(7)?
207
Let h(f) = f**3 + 2*f**2 - 49*f - 38. Give h(-8).
-30
Let s(l) = 2005*l - 34093. Determine s(17).
-8
Let z(q) = 6*q**3 - 454*q**2 - 615*q - 68. Calculate z(77).
9
Let n(s) = -s**3 + 9*s**2 + 6*s - 23. Determine n(10).
-63
Let j(f) = -167*f + 30396. Determine j(182).
2
Let j(r) = 2*r**3 + 177*r**2 + 761*r + 407. What is j(-84)?
-13
Let b(t) = 153*t + 12605. Determine b(-83).
-94
Let r(c) = 29*c - 80. Calculate r(7).
123
Let r(q) = -2*q**3 + 13*q**2 - 5*q + 26. Calculate r(6).
32
Let f(r) = -2*r**2 + 50. Calculate f(-5).
0
Let p(n) = -n**3 - 9*n**2 - 19*n - 17. Determine p(-7).
18
Let f(s) = s**3 - 6*s**2 - 41*s + 138. Calculate f(3).
-12
Let g(l) = -4*l**2 - 14*l + 99. What is g(9)?
-351
Let c(f) = -16*f - 45. What is c(-11)?
131
Let h(f) = f**3 + 36*f**2 - 205*f - 15. Give h(-41).
-15
Let a(r) = -r**3 - 2*r**2 + 5*r + 6. Calculate a(4).
-70
Let a(d) = d**3 - 30*d**2 + 34*d + 67. Determine a(29).
212
Let i(h) = h**2 + 127*h + 2753. Give i(-99).
-19
Let j(h) = 83*h + 915. Calculate j(-13).
-164
Let q(o) = -428*o - 2559. Determine q(-6).
9
Let a(p) = 3*p - 114. Determine a(15).
-69
Let v(o) = -3*o**3 + 33*o**2 - 119*o + 31. Determine v(10).
-859
Let z(p) = -110*p + 98. Calculate z(2).
-122
Let b(f) = -121*f + 2062. Give b(17).
5
Let s(c) = -6*c - 33. Calculate s(-2).
-21
Let u(s) = -5*s**2 + 115*s - 376. Give u(19).
4
Let f(r) = -2*r**3 + 51*r**2 + 25*r + 25. What is f(26)?
-1
Let w(p) = -9*p + 337. What is w(50)?
-113
Let b(c) = 2*c**3 - 41*c**2 + 96*c - 45. Calculate b(2).
-1
Let j(b) = 23*b**2 - 45*b + 44. Calculate j(1).
22
Let i(f) = -5*f**2 - 22*f + 1288. What is i(14)?
0
Let z(m) = -148*m - 1889. Give z(-18).
775
Let h(t) = t**3 - 17*t**2 - 3*t + 56. What is h(17)?
5
Let h(s) = 4*s - 37. What is h(11)?
7
Let x(t) = 2*t**2 + 18*t + 2. Calculate x(-9).
2
Let s(y) = 4*y**3 + 241*y**2 + 56*y - 285. Give s(-60).
-45
Let g(b) = -23*b**2 + 60*b + 163. Determine g(-3).
-224
Let t(u) = -3027*u + 72650. What is t(24)?
2
Let i(t) = 227*t + 2032. Calculate i(-9).
-11
Let g(w) = -8*w**2 - 130*w - 114. Determine g(-15).
36
Let h(s) = -28*s**2 + s + 9. Give h(-2).
-105
Let s(w) = -228*w - 10051. Give s(-44).
-19
Let x(l) = -l**3 - 75*l**2 + 75*l - 86. Give x(-76).
-10
Let z(p) = -p**2 - 14*p + 9. What is z(-23)?
-198
Let m(j) = -48*j**3 + 3*j**2 + j - 2. What is m(-1)?
48
Let v(n) = 4*n**2 + 4*n - 25. Determine v(-5).
55
Let d(g) = g**3 + 147*g**2 - 1220*g + 3079. What is d(-155)?
-21
Let p(v) = -290*v + 727. Give p(3).
-143
Let q(m) = -m**2 + 17*m + 95. What is q(-15)?
-385
Let i(y) = 6*y - 75. Give i(23).
63
Let a(b) = 2*b**2 - 228*b + 847. Calculate a(109).
-243
Let s(f) = 233*f + 3965. What is s(-17)?
4
Let z(v) = -4*v**2 - 28*v + 49. Calculate z(-12).
-191
Let t(o) = 12*o**2 - 2737*o + 233. Determine t(228).
5
Let o(l) = -l**3 - 12*l**2 + 2*l + 27. Calculate o(0).
27
Let t(o) = -454*o**3 - 5*o**2 - 7*o - 3. What is t(-1)?
453
Let m(g) = -34*g - 2031. Give m(-60).
9
Let d(x) = 2*x**2 + 7*x - 230. Give d(-12).
-26
Let h(l) = -56*l - 1880. What is h(-34)?
24
Let f(s) = s**3 + 18*s**2 + 78*s + 28. Determine f(-10).
48
Let d(l) = 8*l**3 - 215*l**2 - 47*l + 498. Give d(27).
-42
Let q(a) = -2*a**2 - 10*a - 95. Give q(-13).
-303
Let a(s) = -213*s - 634. What is a(-3)?
5
Let u(l) = l**3 + 13*l**2 - 117*l + 17. Determine u(-19).
74
Let n(g) = 5*g**3 - 32*g**2 - 37*g + 132. Determine n(7).
20
Let f(b) = 4*b**2 + 283*b + 2321. What is f(-61)?
-58
Let i(m) = 2*m**2 + 386*m + 17227. Give i(-70).
7
Let m(g) = -3*g**3 - 29*g**2 + 12*g - 1. Determine m(-10).
-21
Let a(i) = 657*i + 6084. Calculate a(-9).
171
Let j(v) = v**2 + 8*v + 18. What is j(-7)?
11
Let r(f) = 2*f**2 + 20*f - 400. What is r(0)?
-400
Let w(s) = 8*s**2 - 34*s + 5. Give w(-4).
269
Let g(n) = -73*n - 10. Calculate g(-1).
63
Let j(p) = -5*p**3 - 19*p**2 - 31*p - 70. Calculate j(-4).
70
Let i(n) = 2*n**2 - 166*n + 178. What is i(82)?
14
